{"id":722,"date":"2021-05-29T02:48:25","date_gmt":"2021-05-29T00:48:25","guid":{"rendered":"https:\/\/aodf.fr\/?page_id=722"},"modified":"2024-10-15T11:19:33","modified_gmt":"2024-10-15T09:19:33","slug":"acc","status":"publish","type":"page","link":"https:\/\/aodf.fr\/index.php\/acc\/","title":{"rendered":"acc"},"content":{"rendered":"\t\t<div data-elementor-type=\"wp-page\" data-elementor-id=\"722\" class=\"elementor elementor-722\" data-elementor-post-type=\"page\">\n\t\t\t\t\t\t<section class=\"elementor-section elementor-top-section elementor-element elementor-element-3d5c4858 elementor-section-boxed elementor-section-height-default elementor-section-height-default\" data-id=\"3d5c4858\" data-element_type=\"section\" data-e-type=\"section\">\n\t\t\t\t\t\t<div class=\"elementor-container elementor-column-gap-default\">\n\t\t\t\t\t<div class=\"elementor-column elementor-col-100 elementor-top-column elementor-element elementor-element-5354adc7\" data-id=\"5354adc7\" data-element_type=\"column\" data-e-type=\"column\">\n\t\t\t<div class=\"elementor-widget-wrap elementor-element-populated\">\n\t\t\t\t\t\t<div class=\"elementor-element elementor-element-74b30b28 elementor-widget elementor-widget-text-editor\" data-id=\"74b30b28\" data-element_type=\"widget\" data-e-type=\"widget\" data-widget_type=\"text-editor.default\">\n\t\t\t\t<div class=\"elementor-widget-container\">\n\t\t\t\t\t\t\t\t\t<p><!--themify_builder_static--><\/p><h1>AODF<br \/>Association des Opticiens \u00e0 Domicile de France<\/h1><p>L\u2019Association des Opticiens \u00e0 Domicile de France est une association de loi 1901 cr\u00e9\u00e9 en Octobre 2016. Son r\u00f4le est de regrouper des opticiens \u00e0 domicile ind\u00e9pendants, afin de partager leurs exp\u00e9riences et certaines de leurs ressources. L\u2019AODF permet aussi de donner\u00a0une agr\u00e9gation \u00e0 ses membres afin que l\u2019adh\u00e9sion\u00a0soit un gage de qualit\u00e9.<\/p><h2>Trouver votre opticien \u00e0 domicile<br \/>l&rsquo;annuaire de l&rsquo;AODF<\/h2><p>Vous avez entendu parler de l\u2019optique \u00e0 domicile mais vous ne savez pas o\u00f9\u00a0aller ? Ce site r\u00e9alis\u00e9 par l\u2019Association des Opticiens \u00e0 Domicile de France vous permet de trouver l\u2019opticien \u00e0 domicile agr\u00e9\u00e9 par l\u2019AODF le plus proche de chez vous. Pour obtenir l\u2019agr\u00e9ment, les opticiens doivent r\u00e9pondre \u00e0 plusieurs crit\u00e8res comme les devis gratuits,\u00a0des montures Made in France et une charte qualit\u00e9 v\u00e9rifi\u00e9e.\u00a0<\/p><h3 style=\"text-align: center;\">S\u00e9lectionnez sur cette carte votre d\u00e9partement pour d\u00e9couvrir l\u2019opticien \u00e0 domicile agr\u00e9\u00e9 le plus proche de chez vous (En <strong>orange<\/strong> les d\u00e9partements occup\u00e9s par un opticien AODF).<\/h3><p><noscript> Remarque \u2013 JavaScript est requis pour ce contenu.<\/noscript><\/p><h2>Professionnel ? <br \/>Rejoignez l&rsquo;AODF !<\/h2><p><img decoding=\"async\" src=\"https:\/\/aodf.fr\/wp-content\/uploads\/2018\/01\/AODF-Logo-mono-association-opticiens-domicile-france-300x120.png\" sizes=\"(max-width: 300px) 100vw, 300px\" srcset=\"https:\/\/aodf.fr\/wp-content\/uploads\/2018\/01\/AODF-Logo-mono-association-opticiens-domicile-france-300x120.png 300w, https:\/\/aodf.fr\/wp-content\/uploads\/2018\/01\/AODF-Logo-mono-association-opticiens-domicile-france.png 400w\" alt=\"AODF Association des Opticiens \u00e0 Domicile de France\" width=\"300\" height=\"120\" \/><\/p><p style=\"text-align: center;\">[tf_popup style=\u201dxlarge blue\u201d link=\u201d67\u2033]En savoir plus[\/tf_popup]<\/p><p><!--\/themify_builder_static--><\/p>\t\t\t\t\t\t\t\t<\/div>\n\t\t\t\t<\/div>\n\t\t\t\t\t<\/div>\n\t\t<\/div>\n\t\t\t\t\t<\/div>\n\t\t<\/section>\n\t\t\t\t<\/div>\n\t\t","protected":false},"excerpt":{"rendered":"","protected":false},"author":1,"featured_media":0,"parent":0,"menu_order":0,"comment_status":"closed","ping_status":"closed","template":"","meta":{"footnotes":""},"class_list":["post-722","page","type-page","status-publish","hentry","entry"],"yoast_head":"<!-- This site is optimized with the Yoast SEO plugin v27.3 - https:\/\/yoast.com\/product\/yoast-seo-wordpress\/ -->\n<title>acc - AODF<\/title>\n<meta name=\"robots\" content=\"index, follow, max-snippet:-1, max-image-preview:large, max-video-preview:-1\" \/>\n<link rel=\"canonical\" href=\"https:\/\/aodf.fr\/index.php\/acc\/\" \/>\n<meta property=\"og:locale\" content=\"fr_FR\" \/>\n<meta property=\"og:type\" content=\"article\" \/>\n<meta property=\"og:title\" content=\"acc - AODF\" \/>\n<meta property=\"og:url\" content=\"https:\/\/aodf.fr\/index.php\/acc\/\" \/>\n<meta property=\"og:site_name\" content=\"AODF\" \/>\n<meta property=\"article:modified_time\" content=\"2024-10-15T09:19:33+00:00\" \/>\n<meta name=\"twitter:card\" content=\"summary_large_image\" \/>\n<script type=\"application\/ld+json\" class=\"yoast-schema-graph\">{\"@context\":\"https:\\\/\\\/schema.org\",\"@graph\":[{\"@type\":\"WebPage\",\"@id\":\"https:\\\/\\\/aodf.fr\\\/index.php\\\/acc\\\/\",\"url\":\"https:\\\/\\\/aodf.fr\\\/index.php\\\/acc\\\/\",\"name\":\"acc - AODF\",\"isPartOf\":{\"@id\":\"https:\\\/\\\/aodf.fr\\\/#website\"},\"datePublished\":\"2021-05-29T00:48:25+00:00\",\"dateModified\":\"2024-10-15T09:19:33+00:00\",\"breadcrumb\":{\"@id\":\"https:\\\/\\\/aodf.fr\\\/index.php\\\/acc\\\/#breadcrumb\"},\"inLanguage\":\"fr-FR\",\"potentialAction\":[{\"@type\":\"ReadAction\",\"target\":[\"https:\\\/\\\/aodf.fr\\\/index.php\\\/acc\\\/\"]}]},{\"@type\":\"BreadcrumbList\",\"@id\":\"https:\\\/\\\/aodf.fr\\\/index.php\\\/acc\\\/#breadcrumb\",\"itemListElement\":[{\"@type\":\"ListItem\",\"position\":1,\"name\":\"Accueil\",\"item\":\"https:\\\/\\\/aodf.fr\\\/\"},{\"@type\":\"ListItem\",\"position\":2,\"name\":\"acc\"}]},{\"@type\":\"WebSite\",\"@id\":\"https:\\\/\\\/aodf.fr\\\/#website\",\"url\":\"https:\\\/\\\/aodf.fr\\\/\",\"name\":\"AODF\",\"description\":\"Association des Opticiens \u00e0 Domicile de France\",\"publisher\":{\"@id\":\"https:\\\/\\\/aodf.fr\\\/#organization\"},\"potentialAction\":[{\"@type\":\"SearchAction\",\"target\":{\"@type\":\"EntryPoint\",\"urlTemplate\":\"https:\\\/\\\/aodf.fr\\\/?s={search_term_string}\"},\"query-input\":{\"@type\":\"PropertyValueSpecification\",\"valueRequired\":true,\"valueName\":\"search_term_string\"}}],\"inLanguage\":\"fr-FR\"},{\"@type\":\"Organization\",\"@id\":\"https:\\\/\\\/aodf.fr\\\/#organization\",\"name\":\"AODF\",\"url\":\"https:\\\/\\\/aodf.fr\\\/\",\"logo\":{\"@type\":\"ImageObject\",\"inLanguage\":\"fr-FR\",\"@id\":\"https:\\\/\\\/aodf.fr\\\/#\\\/schema\\\/logo\\\/image\\\/\",\"url\":\"https:\\\/\\\/aodf.fr\\\/wp-content\\\/uploads\\\/2024\\\/07\\\/logo-aodf-sticky.png\",\"contentUrl\":\"https:\\\/\\\/aodf.fr\\\/wp-content\\\/uploads\\\/2024\\\/07\\\/logo-aodf-sticky.png\",\"width\":200,\"height\":122,\"caption\":\"AODF\"},\"image\":{\"@id\":\"https:\\\/\\\/aodf.fr\\\/#\\\/schema\\\/logo\\\/image\\\/\"}}]}<\/script>\n<!-- \/ Yoast SEO plugin. -->","yoast_head_json":{"title":"acc - AODF","robots":{"index":"index","follow":"follow","max-snippet":"max-snippet:-1","max-image-preview":"max-image-preview:large","max-video-preview":"max-video-preview:-1"},"canonical":"https:\/\/aodf.fr\/index.php\/acc\/","og_locale":"fr_FR","og_type":"article","og_title":"acc - AODF","og_url":"https:\/\/aodf.fr\/index.php\/acc\/","og_site_name":"AODF","article_modified_time":"2024-10-15T09:19:33+00:00","twitter_card":"summary_large_image","schema":{"@context":"https:\/\/schema.org","@graph":[{"@type":"WebPage","@id":"https:\/\/aodf.fr\/index.php\/acc\/","url":"https:\/\/aodf.fr\/index.php\/acc\/","name":"acc - AODF","isPartOf":{"@id":"https:\/\/aodf.fr\/#website"},"datePublished":"2021-05-29T00:48:25+00:00","dateModified":"2024-10-15T09:19:33+00:00","breadcrumb":{"@id":"https:\/\/aodf.fr\/index.php\/acc\/#breadcrumb"},"inLanguage":"fr-FR","potentialAction":[{"@type":"ReadAction","target":["https:\/\/aodf.fr\/index.php\/acc\/"]}]},{"@type":"BreadcrumbList","@id":"https:\/\/aodf.fr\/index.php\/acc\/#breadcrumb","itemListElement":[{"@type":"ListItem","position":1,"name":"Accueil","item":"https:\/\/aodf.fr\/"},{"@type":"ListItem","position":2,"name":"acc"}]},{"@type":"WebSite","@id":"https:\/\/aodf.fr\/#website","url":"https:\/\/aodf.fr\/","name":"AODF","description":"Association des Opticiens \u00e0 Domicile de France","publisher":{"@id":"https:\/\/aodf.fr\/#organization"},"potentialAction":[{"@type":"SearchAction","target":{"@type":"EntryPoint","urlTemplate":"https:\/\/aodf.fr\/?s={search_term_string}"},"query-input":{"@type":"PropertyValueSpecification","valueRequired":true,"valueName":"search_term_string"}}],"inLanguage":"fr-FR"},{"@type":"Organization","@id":"https:\/\/aodf.fr\/#organization","name":"AODF","url":"https:\/\/aodf.fr\/","logo":{"@type":"ImageObject","inLanguage":"fr-FR","@id":"https:\/\/aodf.fr\/#\/schema\/logo\/image\/","url":"https:\/\/aodf.fr\/wp-content\/uploads\/2024\/07\/logo-aodf-sticky.png","contentUrl":"https:\/\/aodf.fr\/wp-content\/uploads\/2024\/07\/logo-aodf-sticky.png","width":200,"height":122,"caption":"AODF"},"image":{"@id":"https:\/\/aodf.fr\/#\/schema\/logo\/image\/"}}]}},"_links":{"self":[{"href":"https:\/\/aodf.fr\/index.php\/wp-json\/wp\/v2\/pages\/722","targetHints":{"allow":["GET"]}}],"collection":[{"href":"https:\/\/aodf.fr\/index.php\/wp-json\/wp\/v2\/pages"}],"about":[{"href":"https:\/\/aodf.fr\/index.php\/wp-json\/wp\/v2\/types\/page"}],"author":[{"embeddable":true,"href":"https:\/\/aodf.fr\/index.php\/wp-json\/wp\/v2\/users\/1"}],"replies":[{"embeddable":true,"href":"https:\/\/aodf.fr\/index.php\/wp-json\/wp\/v2\/comments?post=722"}],"version-history":[{"count":5,"href":"https:\/\/aodf.fr\/index.php\/wp-json\/wp\/v2\/pages\/722\/revisions"}],"predecessor-version":[{"id":1916,"href":"https:\/\/aodf.fr\/index.php\/wp-json\/wp\/v2\/pages\/722\/revisions\/1916"}],"wp:attachment":[{"href":"https:\/\/aodf.fr\/index.php\/wp-json\/wp\/v2\/media?parent=722"}],"curies":[{"name":"wp","href":"https:\/\/api.w.org\/{rel}","templated":true}]}}