{"id":2703,"date":"2025-01-06T09:56:31","date_gmt":"2025-01-06T08:56:31","guid":{"rendered":"https:\/\/aodf.fr\/wp-content\/uploads\/2025\/01\/presentations-membres-2.jpg"},"modified":"2025-01-06T15:33:31","modified_gmt":"2025-01-06T14:33:31","slug":"presentations-membres-2-2","status":"inherit","type":"attachment","link":"https:\/\/aodf.fr\/index.php\/client\/presentations-membres-2-2\/","title":{"rendered":"Kara SIMEONI \u2013 L\u2019optique mobile en Haute-Corse"},"author":1,"featured_media":0,"comment_status":"open","ping_status":"closed","template":"","meta":[],"class_list":["post-2703","attachment","type-attachment","status-inherit","hentry","entry"],"yoast_head":"<!-- This site is optimized with the Yoast SEO plugin v27.5 - https:\/\/yoast.com\/product\/yoast-seo-wordpress\/ -->\n<title>Kara SIMEONI \u2013 L\u2019optique mobile en Haute-Corse - AODF<\/title>\n<meta name=\"robots\" content=\"index, follow, max-snippet:-1, max-image-preview:large, max-video-preview:-1\" \/>\n<link rel=\"canonical\" href=\"https:\/\/aodf.fr\/wp-content\/uploads\/2025\/01\/presentations-membres-2.jpg\" \/>\n<meta property=\"og:locale\" content=\"fr_FR\" \/>\n<meta property=\"og:type\" content=\"article\" \/>\n<meta property=\"og:title\" content=\"Kara SIMEONI \u2013 L\u2019optique mobile en Haute-Corse - AODF\" \/>\n<meta property=\"og:description\" content=\"D\u00e9placements possibles jusqu\u2019\u00e0 150 km autour de Lozzi.\" \/>\n<meta property=\"og:url\" content=\"https:\/\/aodf.fr\/wp-content\/uploads\/2025\/01\/presentations-membres-2.jpg\" \/>\n<meta property=\"og:site_name\" content=\"AODF\" \/>\n<meta property=\"article:modified_time\" content=\"2025-01-06T14:33:31+00:00\" \/>\n<meta property=\"og:image\" content=\"https:\/\/aodf.fr\/wp-content\/uploads\/2025\/01\/presentations-membres-2.jpg\" \/>\n\t<meta property=\"og:image:width\" content=\"1080\" \/>\n\t<meta property=\"og:image:height\" content=\"1080\" \/>\n\t<meta property=\"og:image:type\" content=\"image\/jpeg\" \/>\n<meta name=\"twitter:card\" content=\"summary_large_image\" \/>\n<script type=\"application\/ld+json\" class=\"yoast-schema-graph\">{\"@context\":\"https:\\\/\\\/schema.org\",\"@graph\":[{\"@type\":\"WebPage\",\"@id\":\"https:\\\/\\\/aodf.fr\\\/wp-content\\\/uploads\\\/2025\\\/01\\\/presentations-membres-2.jpg\",\"url\":\"https:\\\/\\\/aodf.fr\\\/wp-content\\\/uploads\\\/2025\\\/01\\\/presentations-membres-2.jpg\",\"name\":\"Kara SIMEONI \u2013 L\u2019optique mobile en Haute-Corse - AODF\",\"isPartOf\":{\"@id\":\"https:\\\/\\\/aodf.fr\\\/#website\"},\"datePublished\":\"2025-01-06T08:56:31+00:00\",\"dateModified\":\"2025-01-06T14:33:31+00:00\",\"breadcrumb\":{\"@id\":\"https:\\\/\\\/aodf.fr\\\/wp-content\\\/uploads\\\/2025\\\/01\\\/presentations-membres-2.jpg#breadcrumb\"},\"inLanguage\":\"fr-FR\",\"potentialAction\":[{\"@type\":\"ReadAction\",\"target\":[\"https:\\\/\\\/aodf.fr\\\/wp-content\\\/uploads\\\/2025\\\/01\\\/presentations-membres-2.jpg\"]}]},{\"@type\":\"BreadcrumbList\",\"@id\":\"https:\\\/\\\/aodf.fr\\\/wp-content\\\/uploads\\\/2025\\\/01\\\/presentations-membres-2.jpg#breadcrumb\",\"itemListElement\":[{\"@type\":\"ListItem\",\"position\":1,\"name\":\"Accueil\",\"item\":\"https:\\\/\\\/aodf.fr\\\/\"},{\"@type\":\"ListItem\",\"position\":2,\"name\":\"Client\",\"item\":\"https:\\\/\\\/aodf.fr\\\/index.php\\\/client\\\/\"},{\"@type\":\"ListItem\",\"position\":3,\"name\":\"Kara SIMEONI \u2013 L\u2019optique mobile en Haute-Corse\"}]},{\"@type\":\"WebSite\",\"@id\":\"https:\\\/\\\/aodf.fr\\\/#website\",\"url\":\"https:\\\/\\\/aodf.fr\\\/\",\"name\":\"AODF\",\"description\":\"Association des Opticiens \u00e0 Domicile de France\",\"publisher\":{\"@id\":\"https:\\\/\\\/aodf.fr\\\/#organization\"},\"potentialAction\":[{\"@type\":\"SearchAction\",\"target\":{\"@type\":\"EntryPoint\",\"urlTemplate\":\"https:\\\/\\\/aodf.fr\\\/?s={search_term_string}\"},\"query-input\":{\"@type\":\"PropertyValueSpecification\",\"valueRequired\":true,\"valueName\":\"search_term_string\"}}],\"inLanguage\":\"fr-FR\"},{\"@type\":\"Organization\",\"@id\":\"https:\\\/\\\/aodf.fr\\\/#organization\",\"name\":\"AODF\",\"url\":\"https:\\\/\\\/aodf.fr\\\/\",\"logo\":{\"@type\":\"ImageObject\",\"inLanguage\":\"fr-FR\",\"@id\":\"https:\\\/\\\/aodf.fr\\\/#\\\/schema\\\/logo\\\/image\\\/\",\"url\":\"https:\\\/\\\/aodf.fr\\\/wp-content\\\/uploads\\\/2024\\\/07\\\/logo-aodf-sticky.png\",\"contentUrl\":\"https:\\\/\\\/aodf.fr\\\/wp-content\\\/uploads\\\/2024\\\/07\\\/logo-aodf-sticky.png\",\"width\":200,\"height\":122,\"caption\":\"AODF\"},\"image\":{\"@id\":\"https:\\\/\\\/aodf.fr\\\/#\\\/schema\\\/logo\\\/image\\\/\"}}]}<\/script>\n<!-- \/ Yoast SEO plugin. -->","yoast_head_json":{"title":"Kara SIMEONI \u2013 L\u2019optique mobile en Haute-Corse - AODF","robots":{"index":"index","follow":"follow","max-snippet":"max-snippet:-1","max-image-preview":"max-image-preview:large","max-video-preview":"max-video-preview:-1"},"canonical":"https:\/\/aodf.fr\/wp-content\/uploads\/2025\/01\/presentations-membres-2.jpg","og_locale":"fr_FR","og_type":"article","og_title":"Kara SIMEONI \u2013 L\u2019optique mobile en Haute-Corse - AODF","og_description":"D\u00e9placements possibles jusqu\u2019\u00e0 150 km autour de Lozzi.","og_url":"https:\/\/aodf.fr\/wp-content\/uploads\/2025\/01\/presentations-membres-2.jpg","og_site_name":"AODF","article_modified_time":"2025-01-06T14:33:31+00:00","og_image":[{"width":1080,"height":1080,"url":"https:\/\/aodf.fr\/wp-content\/uploads\/2025\/01\/presentations-membres-2.jpg","type":"image\/jpeg"}],"twitter_card":"summary_large_image","schema":{"@context":"https:\/\/schema.org","@graph":[{"@type":"WebPage","@id":"https:\/\/aodf.fr\/wp-content\/uploads\/2025\/01\/presentations-membres-2.jpg","url":"https:\/\/aodf.fr\/wp-content\/uploads\/2025\/01\/presentations-membres-2.jpg","name":"Kara SIMEONI \u2013 L\u2019optique mobile en Haute-Corse - AODF","isPartOf":{"@id":"https:\/\/aodf.fr\/#website"},"datePublished":"2025-01-06T08:56:31+00:00","dateModified":"2025-01-06T14:33:31+00:00","breadcrumb":{"@id":"https:\/\/aodf.fr\/wp-content\/uploads\/2025\/01\/presentations-membres-2.jpg#breadcrumb"},"inLanguage":"fr-FR","potentialAction":[{"@type":"ReadAction","target":["https:\/\/aodf.fr\/wp-content\/uploads\/2025\/01\/presentations-membres-2.jpg"]}]},{"@type":"BreadcrumbList","@id":"https:\/\/aodf.fr\/wp-content\/uploads\/2025\/01\/presentations-membres-2.jpg#breadcrumb","itemListElement":[{"@type":"ListItem","position":1,"name":"Accueil","item":"https:\/\/aodf.fr\/"},{"@type":"ListItem","position":2,"name":"Client","item":"https:\/\/aodf.fr\/index.php\/client\/"},{"@type":"ListItem","position":3,"name":"Kara SIMEONI \u2013 L\u2019optique mobile en Haute-Corse"}]},{"@type":"WebSite","@id":"https:\/\/aodf.fr\/#website","url":"https:\/\/aodf.fr\/","name":"AODF","description":"Association des Opticiens \u00e0 Domicile de France","publisher":{"@id":"https:\/\/aodf.fr\/#organization"},"potentialAction":[{"@type":"SearchAction","target":{"@type":"EntryPoint","urlTemplate":"https:\/\/aodf.fr\/?s={search_term_string}"},"query-input":{"@type":"PropertyValueSpecification","valueRequired":true,"valueName":"search_term_string"}}],"inLanguage":"fr-FR"},{"@type":"Organization","@id":"https:\/\/aodf.fr\/#organization","name":"AODF","url":"https:\/\/aodf.fr\/","logo":{"@type":"ImageObject","inLanguage":"fr-FR","@id":"https:\/\/aodf.fr\/#\/schema\/logo\/image\/","url":"https:\/\/aodf.fr\/wp-content\/uploads\/2024\/07\/logo-aodf-sticky.png","contentUrl":"https:\/\/aodf.fr\/wp-content\/uploads\/2024\/07\/logo-aodf-sticky.png","width":200,"height":122,"caption":"AODF"},"image":{"@id":"https:\/\/aodf.fr\/#\/schema\/logo\/image\/"}}]}},"description":{"rendered":"<p class=\"attachment\"><a href='https:\/\/aodf.fr\/wp-content\/uploads\/2025\/01\/presentations-membres-2.jpg'><img fetchpriority=\"high\" decoding=\"async\" width=\"300\" height=\"300\" src=\"https:\/\/aodf.fr\/wp-content\/uploads\/2025\/01\/presentations-membres-2-300x300.jpg\" class=\"attachment-medium size-medium\" alt=\"Kara Simeoni, opticienne itin\u00e9rante en Haute-Corse\" srcset=\"https:\/\/aodf.fr\/wp-content\/uploads\/2025\/01\/presentations-membres-2-300x300.jpg 300w, https:\/\/aodf.fr\/wp-content\/uploads\/2025\/01\/presentations-membres-2-1024x1024.jpg 1024w, https:\/\/aodf.fr\/wp-content\/uploads\/2025\/01\/presentations-membres-2-150x150.jpg 150w, https:\/\/aodf.fr\/wp-content\/uploads\/2025\/01\/presentations-membres-2-768x768.jpg 768w, https:\/\/aodf.fr\/wp-content\/uploads\/2025\/01\/presentations-membres-2-600x600.jpg 600w, https:\/\/aodf.fr\/wp-content\/uploads\/2025\/01\/presentations-membres-2.jpg 1080w\" sizes=\"(max-width: 300px) 100vw, 300px\" \/><\/a><\/p>\n<p>Kara Optique vous propose un service d\u2019optique \u00e0 domicile pour les habitants de la Haute-Corse. Situ\u00e9e \u00e0 Lozzi, elle se d\u00e9place pour offrir un accompagnement personnalis\u00e9 dans le choix de montures et de solutions adapt\u00e9es aux besoins visuels de ses clients. Avec son expertise et sa proximit\u00e9, Kara Simeoni garantit un service de qualit\u00e9 et sur mesure, directement chez vous.<\/p>\n"},"caption":{"rendered":"<p>D\u00e9placements possibles jusqu\u2019\u00e0 150 km autour de Lozzi.<\/p>\n"},"alt_text":"Kara Simeoni, opticienne itin\u00e9rante en Haute-Corse","media_type":"image","mime_type":"image\/jpeg","media_details":{"width":1080,"height":1080,"file":"2025\/01\/presentations-membres-2.jpg","filesize":113420,"sizes":{"medium":{"file":"presentations-membres-2-300x300.jpg","width":300,"height":300,"filesize":19966,"mime_type":"image\/jpeg","source_url":"https:\/\/aodf.fr\/wp-content\/uploads\/2025\/01\/presentations-membres-2-300x300.jpg"},"large":{"file":"presentations-membres-2-1024x1024.jpg","width":1024,"height":1024,"filesize":100745,"mime_type":"image\/jpeg","source_url":"https:\/\/aodf.fr\/wp-content\/uploads\/2025\/01\/presentations-membres-2-1024x1024.jpg"},"thumbnail":{"file":"presentations-membres-2-150x150.jpg","width":150,"height":150,"filesize":9581,"mime_type":"image\/jpeg","source_url":"https:\/\/aodf.fr\/wp-content\/uploads\/2025\/01\/presentations-membres-2-150x150.jpg"},"medium_large":{"file":"presentations-membres-2-768x768.jpg","width":768,"height":768,"filesize":68206,"mime_type":"image\/jpeg","source_url":"https:\/\/aodf.fr\/wp-content\/uploads\/2025\/01\/presentations-membres-2-768x768.jpg"},"ocean-thumb-m":{"file":"presentations-membres-2-600x600.jpg","width":600,"height":600,"filesize":48941,"mime_type":"image\/jpeg","source_url":"https:\/\/aodf.fr\/wp-content\/uploads\/2025\/01\/presentations-membres-2-600x600.jpg"},"ocean-thumb-ml":{"file":"presentations-membres-2-800x450.jpg","width":800,"height":450,"filesize":48299,"mime_type":"image\/jpeg","source_url":"https:\/\/aodf.fr\/wp-content\/uploads\/2025\/01\/presentations-membres-2-800x450.jpg"},"ocean-thumb-l":{"file":"presentations-membres-2-1080x700.jpg","width":1080,"height":700,"filesize":83674,"mime_type":"image\/jpeg","source_url":"https:\/\/aodf.fr\/wp-content\/uploads\/2025\/01\/presentations-membres-2-1080x700.jpg"},"full":{"file":"presentations-membres-2.jpg","width":1080,"height":1080,"mime_type":"image\/jpeg","source_url":"https:\/\/aodf.fr\/wp-content\/uploads\/2025\/01\/presentations-membres-2.jpg"}},"image_meta":{"aperture":"0","credit":"","camera":"","caption":"","created_timestamp":"0","copyright":"","focal_length":"0","iso":"0","shutter_speed":"0","title":"","orientation":"1","keywords":[]}},"post":937,"source_url":"https:\/\/aodf.fr\/wp-content\/uploads\/2025\/01\/presentations-membres-2.jpg","_links":{"self":[{"href":"https:\/\/aodf.fr\/index.php\/wp-json\/wp\/v2\/media\/2703","targetHints":{"allow":["GET"]}}],"collection":[{"href":"https:\/\/aodf.fr\/index.php\/wp-json\/wp\/v2\/media"}],"about":[{"href":"https:\/\/aodf.fr\/index.php\/wp-json\/wp\/v2\/types\/attachment"}],"author":[{"embeddable":true,"href":"https:\/\/aodf.fr\/index.php\/wp-json\/wp\/v2\/users\/1"}],"replies":[{"embeddable":true,"href":"https:\/\/aodf.fr\/index.php\/wp-json\/wp\/v2\/comments?post=2703"}],"wp:attached-to":[{"embeddable":true,"post_type":"page","id":937,"href":"https:\/\/aodf.fr\/index.php\/wp-json\/wp\/v2\/pages\/937"}],"curies":[{"name":"wp","href":"https:\/\/api.w.org\/{rel}","templated":true}]}}

<!-- This site is optimized with the Yoast SEO plugin v27.5 - https://yoast.com/product/yoast-seo-wordpress/ -->
<title>Kara SIMEONI – L’optique mobile en Haute-Corse - AODF</title>
<meta name="robots" content="index, follow, max-snippet:-1, max-image-preview:large, max-video-preview:-1" />
<link rel="canonical" href="https://aodf.fr/wp-content/uploads/2025/01/presentations-membres-2.jpg" />
<meta property="og:locale" content="fr_FR" />
<meta property="og:type" content="article" />
<meta property="og:title" content="Kara SIMEONI – L’optique mobile en Haute-Corse - AODF" />
<meta property="og:description" content="Déplacements possibles jusqu’à 150 km autour de Lozzi." />
<meta property="og:url" content="https://aodf.fr/wp-content/uploads/2025/01/presentations-membres-2.jpg" />
<meta property="og:site_name" content="AODF" />
<meta property="article:modified_time" content="2025-01-06T14:33:31+00:00" />
<meta property="og:image" content="https://aodf.fr/wp-content/uploads/2025/01/presentations-membres-2.jpg" />
	<meta property="og:image:width" content="1080" />
	<meta property="og:image:height" content="1080" />
	<meta property="og:image:type" content="image/jpeg" />
<meta name="twitter:card" content="summary_large_image" />
<script type="application/ld+json" class="yoast-schema-graph">{"@context":"https:\/\/schema.org","@graph":[{"@type":"WebPage","@id":"https:\/\/aodf.fr\/wp-content\/uploads\/2025\/01\/presentations-membres-2.jpg","url":"https:\/\/aodf.fr\/wp-content\/uploads\/2025\/01\/presentations-membres-2.jpg","name":"Kara SIMEONI – L’optique mobile en Haute-Corse - AODF","isPartOf":{"@id":"https:\/\/aodf.fr\/#website"},"datePublished":"2025-01-06T08:56:31+00:00","dateModified":"2025-01-06T14:33:31+00:00","breadcrumb":{"@id":"https:\/\/aodf.fr\/wp-content\/uploads\/2025\/01\/presentations-membres-2.jpg#breadcrumb"},"inLanguage":"fr-FR","potentialAction":[{"@type":"ReadAction","target":["https:\/\/aodf.fr\/wp-content\/uploads\/2025\/01\/presentations-membres-2.jpg"]}]},{"@type":"BreadcrumbList","@id":"https:\/\/aodf.fr\/wp-content\/uploads\/2025\/01\/presentations-membres-2.jpg#breadcrumb","itemListElement":[{"@type":"ListItem","position":1,"name":"Accueil","item":"https:\/\/aodf.fr\/"},{"@type":"ListItem","position":2,"name":"Client","item":"https:\/\/aodf.fr\/index.php\/client\/"},{"@type":"ListItem","position":3,"name":"Kara SIMEONI – L’optique mobile en Haute-Corse"}]},{"@type":"WebSite","@id":"https:\/\/aodf.fr\/#website","url":"https:\/\/aodf.fr\/","name":"AODF","description":"Association des Opticiens à Domicile de France","publisher":{"@id":"https:\/\/aodf.fr\/#organization"},"potentialAction":[{"@type":"SearchAction","target":{"@type":"EntryPoint","urlTemplate":"https:\/\/aodf.fr\/?s={search_term_string}"},"query-input":{"@type":"PropertyValueSpecification","valueRequired":true,"valueName":"search_term_string"}}],"inLanguage":"fr-FR"},{"@type":"Organization","@id":"https:\/\/aodf.fr\/#organization","name":"AODF","url":"https:\/\/aodf.fr\/","logo":{"@type":"ImageObject","inLanguage":"fr-FR","@id":"https:\/\/aodf.fr\/#\/schema\/logo\/image\/","url":"https:\/\/aodf.fr\/wp-content\/uploads\/2024\/07\/logo-aodf-sticky.png","contentUrl":"https:\/\/aodf.fr\/wp-content\/uploads\/2024\/07\/logo-aodf-sticky.png","width":200,"height":122,"caption":"AODF"},"image":{"@id":"https:\/\/aodf.fr\/#\/schema\/logo\/image\/"}}]}</script>
<!-- / Yoast SEO plugin. -->

Déplacements possibles jusqu’à 150 km autour de Lozzi.

Association des Opticiens à Domicile de France

<p class="attachment"><a href='https://aodf.fr/wp-content/uploads/2025/01/presentations-membres-2.jpg'><img fetchpriority="high" decoding="async" width="300" height="300" src="https://aodf.fr/wp-content/uploads/2025/01/presentations-membres-2-300x300.jpg" class="attachment-medium size-medium" alt="Kara Simeoni, opticienne itinérante en Haute-Corse" srcset="https://aodf.fr/wp-content/uploads/2025/01/presentations-membres-2-300x300.jpg 300w, https://aodf.fr/wp-content/uploads/2025/01/presentations-membres-2-1024x1024.jpg 1024w, https://aodf.fr/wp-content/uploads/2025/01/presentations-membres-2-150x150.jpg 150w, https://aodf.fr/wp-content/uploads/2025/01/presentations-membres-2-768x768.jpg 768w, https://aodf.fr/wp-content/uploads/2025/01/presentations-membres-2-600x600.jpg 600w, https://aodf.fr/wp-content/uploads/2025/01/presentations-membres-2.jpg 1080w" sizes="(max-width: 300px) 100vw, 300px" /></a></p>
<p>Kara Optique vous propose un service d’optique à domicile pour les habitants de la Haute-Corse. Située à Lozzi, elle se déplace pour offrir un accompagnement personnalisé dans le choix de montures et de solutions adaptées aux besoins visuels de ses clients. Avec son expertise et sa proximité, Kara Simeoni garantit un service de qualité et sur mesure, directement chez vous.</p>

<p>Déplacements possibles jusqu’à 150 km autour de Lozzi.</p>

Kara Simeoni, opticienne itinérante en Haute-Corse
